is the remainder when 104 is divided by ((-4)/v + 2)/(3/54)?
23
Let b = 860 - 682. Calculate the remainder when b is divided by 61.
56
Let j(r) = 28*r + 31. What is the remainder when j(2) is divided by 11?
10
Let j(q) = q**3 + 62*q**2 + 62*q + 138. Calculate the remainder when j(-61) is divided by 26.
25
Let y be 1*(7 - (3 + (-1 - 0))). Suppose -y*f + s + 2*s + 187 = 0, 4*s + 86 = 2*f. What is the remainder when f is divided by 13?
9
Suppose 3 = -j - 2*v - 7, 2*j + 5 = -v. Suppose p = 5*p + 5*g - 18, 2*g - 4 = j. Calculate the remainder when (-4)/8 + 115/46 is divided by p.
0
Suppose -24*y + 19*y = -20. Let k(s) = -s**3 + 5*s**2 - 2*s + 2. What is the remainder when 38 is divided by k(y)?
8
Suppose -20 = 5*i, -3*i = -5*m + 651 - 189. What is the remainder when m is divided by 23?
21
Suppose 510 = 8*o - 11*o. Let j = o - -314. What is the remainder when j is divided by 49?
46
Suppose 2*i + 4*n = 52, -3*i = 5*n - 28 - 53. Let o(g) = g**2 + 34*g - 135. What is the remainder when i is divided by o(-38)?
15
Suppose d - 378 = u, -4*d + 12*u = 15*u - 1484. Calculate the remainder when d is divided by 15.
14
Let q be 1*(1 - 0) - -2. Suppose -4*n - k - 51 = 0, -4*k + 48 = n - q*n. Let d = 37 - n. What is the remainder when d is divided by 18?
15
Let n = 271 + -136. Calculate the remainder when n is divided by 34.
33
Let m(p) = 4*p + 68. Calculate the remainder when 95 is divided by m(-12).
15
Let h be ((1 - 4) + 4)*-115. Let i = -78 - h. What is the remainder when i is divided by 10?
7
Let a be -16 + 0 + (-5)/(-5). Calculate the remainder when (2/(-6))/(a/7380) is divided by 24.
20
Suppose 3*y = 42 + 21. Calculate the remainder when 396 is divided by y.
18
Suppose -5*j + 50 = 5*p, 4*j + 2*p = -3*p + 38. What is the remainder when 46 is divided by j?
10
Let l = -453 + 608. Calculate the remainder when l is divided by 82.
73
Let h be 228/30 - (-2)/5. Suppose 4*n - n + 105 = 3*u, 0 = -4*n + h. Calculate the remainder when u is divided by 14.
9
What is the remainder when 3/((-12)/14)*(-3224)/182 is divided by 22?
18
Let g be 2182/13 + (-18)/(-117). Let k = 300 - g. Calculate the remainder when k is divided by 45.
42
Let v(u) be the first derivative of u**4/2 + u**3/3 + 3*u**2/2 - 4*u + 15. Calculate the remainder when 109 is divided by v(2).
21
Suppose -2*v + 4*a + 140 = 0, 5*v = -2*a + 475 - 101. What is the remainder when 292 is divided by v?
70
Let o(u) = 20 + 545*u - 270*u - 276*u. Let q = 0 + 43. What is the remainder when q is divided by o(5)?
13
Let l = 0 + 2. Suppose l*m = -4*d + 50, 5*m - 2*d = -5*d + 90. Calculate the remainder when 43 is divided by (0 + 5)*(18 - m).
13
Suppose -2*c + 102 = c. What is the remainder when c is divided by 6?
4
Suppose -7*p = -22*p + 120. Calculate the remainder when 613 is divided by p.
5
Suppose 5*n - 281 = 669. Suppose 6*l - n = l. Calculate the remainder when l is divided by 11.
5
Suppose j = -0*j + 4*m - 14, -20 = -2*j - 4*m. Suppose u = -j*u + 63. What is the remainder when 62 is divided by u?
20
Let a(c) = 30*c**2 - 9*c - 4*c + 7 - 29*c**2. What is the remainder when 40 is divided by a(14)?
19
Suppose 2*i - 39 = 3*a + 6, -2 = 2*a. Calculate the remainder when i is divided by 9.
3
Let m = 712 - 258. What is the remainder when m is divided by 17?
12
Suppose 34*d = -8*d + 6090. What is the remainder when d is divided by 47?
4
Let f(m) = -48*m + 2. Let h be f(-1). Suppose -3*t + h = 2*t. Suppose 5*n - t*n + 30 = 0. Calculate the remainder when 22 is divided by n.
4
Suppose 3*b + 117*n - 1970 = 115*n, 2*n = 5*b - 3278. What is the remainder when b is divided by 60?
56
Suppose 4*d - j = 3919, 5*j + 994 = -2*d + 3*d. What is the remainder when d is divided by 7?
6
Suppose -5 + 36 = w. Suppose -5*y - 20 = -0. What is the remainder when w is divided by (y/(-8))/(3/96)?
15
Suppose -4*x + 9*x + 330 = 0. What is the remainder when 54 is divided by (-1397)/x - 1/6?
12
Let u(m) = 2*m**3 - 7*m**2 - 5*m + 3. Let c be u(6). Let f = -3 - -19. Calculate the remainder when (-6)/(-15) - c/(-5) is divided by f.
15
Let z = 9 - 7. Suppose 0 = -g - 4*n - 43, -n + 68 = g - z*g. Let v = g + 105. Calculate the remainder when v is divided by 15.
12
Suppose -5*z + 21 + 14 = 3*k, -2*z - 7 = -3*k. What is the remainder when 34 is divided by z?
2
Suppose 4*c - 42 - 4 = -5*t, t + 72 = 5*c. Let n(q) = q**3 - 13*q**2 - 10*q - 28. Calculate the remainder when n(c) is divided by 15.
13
Suppose -2*w + 12 = 4*i, -i - 4*w + 10 = -0*w. Suppose -2*a - 18 = -2*o, 2 = -4*o + 6*o + i*a. What is the remainder when 38 is divided by o?
3
Let o(v) = -v**2 + 19*v + 728. What is the remainder when 122 is divided by o(-17)?
6
Let k = 11 - 20. Let v(w) = -w**3 - 9*w**2 - 3*w - 13. Let r be v(k). Suppose -2*m + m + r = -g, 0 = -3*g. Calculate the remainder when 39 is divided by m.
11
Suppose -18 = -28*h + 25*h. What is the remainder when 6 is divided by h?
0
Suppose -2*p = -3*p + k + 5, 5 = 4*p - k. Suppose 0 = -4*s + 10 + 10, 5*d - 2*s - 20 = p. Calculate the remainder when 22 is divided by d.
4
Let f = 1690 - 1648. Calculate the remainder when f is divided by 24.
18
Suppose 211*l - 11088 = -53*l. Calculate the remainder when 3*-2*54/(-4) is divided by l.
39
What is the remainder when -8*(-5 + (-459)/6) is divided by 82?
78
Suppose -2*v = -5*v + 2*d + 2107, 2*d - 2800 = -4*v. What is the remainder when v is divided by 54?
53
Suppose n + 3 = -0, 3*k = -3*n - 12. Calculate the remainder when 19 is divided by -1 - (k + 2) - -14.
7
Suppose 15 = -4*o + 251. Let z be (10 - 5)*6/10. Suppose -65 = -z*b + 5*w, -5*w = b - w + 1. Calculate the remainder when o is divided by b.
14
Suppose 2*o - v = 81 - 63, -o + 19 = 2*v. What is the remainder when 119 is divided by o?
9
Let k = -19 - -37. Let g(o) = -o**3 + 16*o**2 + 36*o + 5. Let f = 83 - 65. Calculate the remainder when k is divided by g(f).
3
Suppose u = -4*w + 239, -4*w - u = 4*u - 219. Suppose -4*v = -71 - 13. What is the remainder when w is divided by v?
19
Let d = -385 + 539. Let r(w) = w**2 - w + 3. Let n be r(11). Suppose -5*i + 0*q - 3*q + d = 0, 4*i - q - n = 0. What is the remainder when i is divided by 15?
14
Let a(h) = 2*h**2 + h - 8. Let o be a(-4). Suppose 2*d = -0*d + 5*r + 29, 4*r = o. Calculate the remainder when d is divided by ((-2)/(-4))/(2/56).
13
Let w(f) = f**2 - 5*f - 1. Let t(a) = 2*a**2 + 6*a - 2. Let d be t(-5). Suppose 2*x - d = -2. What is the remainder when w(x) is divided by 8?
7
Let i = -2649 - -3039. What is the remainder when i is divided by 28?
26
Suppose -2 = 5*q + 18. Let w be -2 + 4 + 2 + q. Let j = w + 3. Calculate the remainder when 4 is divided by j.
1
Suppose -23*h = -21*h + 40. Let s(k) = k + 74. Calculate the remainder when s(h) is divided by 28.
26
Suppose 3*s + 2*s = -15. Let k = 23 + s. Calculate the remainder when 99 is divided by k.
19
Suppose -8 = 4*u - 8*u. Suppose 23 = u*p - 43. Suppose -p*s + 31*s = -22. What is the remainder when s is divided by 5?
1
Suppose 3*r + 4*p - 29 = -0, 5*r = -5*p + 50. Let y(f) = -f**3 - 5*f - 6. Let a be y(-3). Let i = -33 + a. Calculate the remainder when r is divided by i.
2
Let w = 1 - 7. What is the remainder when 89 is divided by (46/(-4))/(w/12)?
20
Suppose -26*g = -5*g - 2037. What is the remainder when g is divided by 18?
7
Let o = 35 - 1. Calculate the remainder when o is divided by 17.
0
Let v = 4 + -5. Let g = v + 3. Suppose -3*r = -g*q - 184, -4*r - 3*q - 2*q = -276. What is the remainder when r is divided by 22?
20
Let n = 19 - 5. What is the remainder when (6 + -5)/((-2)/(-106)) is divided by n?
11
Calculate the remainder when (-2)/3 + (-2472)/(-36) is divided by (4/6)/((-20)/(-690)).
22
Let x = -1298 + 2112. What is the remainder when x is divided by 34?
32
Let c(d) = -d**2 + 11*d + 2. Suppose 28*n - 18 = 22*n. What is the remainder when c(n) is divided by 15?
11
Let t(z) = -2*z**3 - 2*z**2 + 3*z + 6. Let x(r) = -2*r**3 - 11*r**2 + 5*r - 10. Let b be x(-6). Calculate the remainder when t(b) is divided by 32.
26
Suppose -4*q - 5*b = 0, 0 = 2*q - b - 3*b. Suppose q = -11*p + 293 + 631. Calculate the remainder when p is divided by 22.
18
Let n(q) = -3*q - 7. Let g be n(-3). Suppose m - g*f - 19 = 0, 2*f + 2 = 4*f. Calculate the remainder when 55 is divided by 4/6 + 280/m.
13
Let q(x) = -11*x**3 + 2*x - 3. What is the remain